mine d(50).
-963
Let b(a) = 3054*a - 67411. Calculate b(22).
-223
Let b(v) = 15696*v - 1569604. Give b(100).
-4
Let h(x) = 58*x + 795. What is h(-9)?
273
Let w(v) = 3*v**2 + 391*v - 42719. What is w(-201)?
-107
Let j(y) = -6206*y - 15470. Give j(-3).
3148
Let v(m) = 415*m + 3595. What is v(-8)?
275
Let n(g) = -2*g**3 - 50*g**2 + 29702*g - 213. What is n(110)?
7
Let x(f) = -8*f**2 + 459*f - 1411. What is x(3)?
-106
Let o(m) = -26*m**2 - 267*m + 4237. Determine o(15).
-5618
Let x(c) = 2*c**3 + 5*c**2 - 11*c - 9. Determine x(-9).
-963
Let j(b) = 22038*b + 88128. Give j(-4).
-24
Let n(c) = -433*c - 264904. Give n(-612).
92
Let q(z) = -z**3 + 5*z**2 - 11*z + 42. What is q(0)?
42
Let r(h) = 400*h - 5650. Determine r(22).
3150
Let f(r) = -526147*r + 6313745. Determine f(12).
-19
Let h(q) = 2*q**2 - 45316*q + 135926. Determine h(3).
-4
Let o(m) = 714*m - 5214. What is o(7)?
-216
Let a(k) = k**2 + 118*k - 212. Determine a(-107).
-1389
Let h(l) = -l**2 - 686*l - 25663. Calculate h(-40).
177
Let y(o) = 2*o**3 + 289*o**2 - 143*o + 225. Calculate y(-145).
-65
Let u(k) = 3*k**2 - 186*k - 1789. Determine u(-9).
128
Let i(d) = -d**3 + 21*d**2 - 18*d - 48. Give i(19).
332
Let k(l) = -52535*l - 2626710. Calculate k(-50).
40
Let v(x) = -232*x**3 - 8*x**2 + 13*x + 4. What is v(2)?
-1858
Let p(l) = l**2 + 646*l - 3860. What is p(6)?
52
Let o(s) = 2088*s + 1532589. Determine o(-734).
-3
Let q(m) = 122*m**2 - 700*m - 19191. Calculate q(-10).
9
Let q(o) = 323*o - 159. What is q(0)?
-159
Let v(c) = -c**3 - 12*c**2 + 11*c - 2. Give v(-4).
-174
Let k(f) = -58*f + 379. Calculate k(5).
89
Let a(l) = -2*l**3 - 142*l**2 + 12*l + 1090. Calculate a(-71).
238
Let w(y) = 2198*y - 206955. Calculate w(94).
-343
Let r(q) = 7*q**3 + 1630*q**2 - 230*q + 686. Determine r(-233).
-13
Let f(i) = -4004*i - 2942915. Calculate f(-735).
25
Let c(d) = -1425*d + 23853. What is c(13)?
5328
Let r(w) = -w**3 + 49*w**2 + 147*w - 2293. Calculate r(51).
2
Let x(c) = c**3 + 7*c**2 + 16*c - 468. Give x(5).
-88
Let n(l) = -2*l**2 - 15361*l + 153811. Determine n(10).
1
Let t(b) = 3*b**3 - 362*b**2 + 3217*b - 138. Calculate t(111).
-360
Let l(y) = -58220*y - 2445250. Calculate l(-42).
-10
Let d(y) = 39*y**3 + 549*y**2 + 4*y - 72. Calculate d(-14).
460
Let o(g) = -4389*g + 30646. What is o(7)?
-77
Let o(q) = 43*q**3 - 25*q**2 + 4*q - 8. Calculate o(1).
14
Let l(v) = -112*v**3 - 46*v**2 - 77*v - 31. Determine l(-1).
112
Let u(v) = -v**3 + 209*v**2 - 2180*v + 537. What is u(198)?
141
Let b(u) = -u**2 - 2*u + 3731. Give b(-61).
132
Let g(d) = 64998*d + 11764624. Calculate g(-181).
-14
Let x(a) = 4897*a + 30121. Give x(-6).
739
Let a(k) = 7529*k - 1234746. What is a(164)?
10
Let y(i) = -65*i**2 + 20026*i - 1863. What is y(308)?
-15
Let n(z) = z**3 - 17*z**2 + 19*z + 254. Determine n(15).
89
Let k(o) = o**2 - 17378*o + 121542. Determine k(7).
-55
Let v(w) = -w**3 - 24*w**2 + 3911*w + 90489. What is v(-23)?
7
Let m(a) = 3*a**3 + 137*a**2 - 285*a - 26991. Give m(-43).
56
Let n(y) = -165*y - 6421. What is n(-40)?
179
Let y(t) = -112*t**2 + 3672*t - 22243. Calculate y(8).
-35
Let a(w) = -341*w + 5571. Give a(16).
115
Let a(f) = 32224*f - 1514551. Determine a(47).
-23
Let r(j) = 84640*j - 1015679. Calculate r(12).
1
Let s(m) = 4*m**3 + 23*m**2 - 3*m - 2844. Give s(0).
-2844
Let t(m) = 4*m**2 - 359*m + 4302. Calculate t(14).
60
Let g(c) = -400216*c - 1600856. What is g(-4)?
8
Let r(u) = u**2 + 276*u + 16580. What is r(-189)?
137
Let f(d) = -84*d**2 + 1237*d - 4532. Calculate f(8).
-12
Let p(d) = 712*d - 781. What is p(1)?
-69
Let a(c) = 8392*c - 58763. Give a(7).
-19
Let r(h) = h**3 + 14*h**2 - 168*h + 251. Determine r(2).
-21
Let z(c) = c**2 - 33*c - 4773. Determine z(82).
-755
Let m(z) = -z**2 + 2004*z + 513815. Determine m(-230).
-5
Let r(h) = -4*h**3 + 137*h**2 + 95*h - 264. Determine r(35).
-614
Let p(g) = g**3 - 27*g**2 - 59605*g - 1668. What is p(-231)?
-51
Let o(y) = -158091*y + 1739005. Give o(11).
4
Let d(v) = -342*v**2 - 719*v + 2252. Calculate d(3).
-2983
Let u(d) = 3038*d + 113652. Determine u(-38).
-1792
Let n(h) = 15*h - 950. Calculate n(68).
70
Let p(m) = 3*m**2 + 229*m + 826. Give p(-4).
-42
Let v(f) = -f**2 + 5844*f - 185985. Determine v(32).
-1
Let k(j) = 51*j**2 + 1510*j + 2759. What is k(-2)?
-57
Let n(h) = 106642*h + 426643. Determine n(-4).
75
Let w(i) = i**3 - 56*i**2 - 133*i - 2644. Calculate w(59).
-48
Let i(h) = 21*h**2 - 2549*h + 20144. Determine i(8).
1096
Let w(q) = -3*q**3 + 265*q**2 - 81*q - 885. Give w(88).
-269
Let z(y) = 18*y**3 - 69*y**2 - 175*y + 352. Calculate z(5).
2
Let s(u) = -2117*u - 48673. Determine s(-23).
18
Let t(w) = -38*w**2 + 130*w + 116. Determine t(-1).
-52
Let q(i) = 536262*i + 2681293. What is q(-5)?
-17
Let h(s) = -194*s + 37805. Determine h(196).
-219
Let g(z) = -z**3 + 124*z**2 - 261*z + 2060. Calculate g(122).
-14
Let i(n) = -815*n + 417. Determine i(1).
-398
Let a(j) = 871*j + 31658. Calculate a(-33).
2915
Let z(h) = h**3 - 55*h**2 + h - 662. Give z(56).
2530
Let g(h) = -h**3 + 17*h**2 + 196*h - 5339. Give g(-16).
-27
Let f(t) = -31*t**2 - 601*t + 2843. Determine f(5).
-937
Let d(p) = p**3 - 12*p**2 - 27*p + 6. Calculate d(14).
20
Let h(q) = 4*q**2 - 72*q - 149. Give h(-2).
11
Let l(a) = 200*a**3 - 89*a**2 + a - 11. Determine l(2).
1235
Let m(j) = -j**3 + 912*j**2 + 1821*j - 12. Give m(-2).
2
Let m(b) = 16756*b - 33047. Determine m(2).
465
Let g(x) = -29*x - 742. Determine g(25).
-1467
Let g(s) = -61744*s + 1111351. Calculate g(18).
-41
Let d(j) = -2*j**3 - 228*j**2 + 1192*j - 85. Determine d(-119).
-323
Let n(k) = -1140*k - 42604. Determine n(-38).
716
Let t(f) = -12*f**2 - 467*f + 342. Determine t(-39).
303
Let g(q) = 124*q - 202. What is g(4)?
294
Let m(i) = -4*i**2 - 1098*i - 32716. Calculate m(-34).
-8
Let r(i) = 17*i**2 - 449*i - 62. Calculate r(26).
-244
Let a(k) = 23*k**2 - 40934*k - 81875. Calculate a(-2).
85
Let n(h) = -160280*h - 801427. Calculate n(-5).
-27
Let j(n) = -3865*n + 77293. Give j(20).
-7
Let p(z) = -232*z + 16149. What is p(69)?
141
Let n(x) = -x**3 + 10*x**2 + 148*x - 1435. Give n(14).
-147
Let s(t) = 434*t - 17902. Give s(48).
2930
Let v(s) = s**2 - 624*s - 2254. What is v(0)?
-2254
Let z(u) = -8211*u + 41113. Determine z(5).
58
Let a(q) = -27*q**2 + 857*q + 111. Determine a(32).
-113
Let y(m) = -261343*m + 1568068. What is y(6)?
10
Let o(c) = c**3 - 30*c**2 - 35*c + 143. Give o(31).
19
Let b(c) = -c**3 + 161*c**2 - 1202*c + 65836. Determine b(156).
4
Let o(a) = -a**3 - 572*a**2 - 6166*a + 2618. Determine o(-561).
-187
Let o(r) = 24*r**3 - 343*r**2 - 74*r + 2432. What is o(14)?
24
Let p(y) = -2*y**3 + 161*y**2 + 123*y - 60. Give p(81).
3342
Let c(d) = 73*d**2 - 231*d - 688. Calculate c(-3).
662
Let k(q) = -q**2 - 1003*q + 158714. Determine k(139).
-24
Let k(q) = 178*q**3 - 3557*q**2 - 21*q - 773. Give k(20).
7
Let j(y) = y**2 - 329984*y - 1319943. Determine j(-4).
9
Let o(j) = 4*j**2 - 63*j - 311. Determine o(21).
130
Let q(b) = -4*b**3 - 66*b**2 - 113*b - 285. Calculate q(-15).
60
Let f(h) = -263*h**2 - 2256*h - 41. Determine f(-9).
-1040
Let q(s) = 32*s**2 - 159*s - 190. Give q(-2).
256
Let f(t) = -25*t**2 + 164*t - 78. What is f(6)?
6
Let o(s) = 342583*s + 18156896. What is o(-53)?
-3
Let s(b) = -b**3 + 2005*b**2 + 228197*b + 14785. Calculate s(2113).
-6
Let z(a) = 3*a**3 + 25*a**2 + 135*a + 126. Calculate z(-3).
-135
Let v(s) = -4*s**2 - 31*s + 1345. Determine v(22).
-1273
Let y(k) = 1915*k - 1461143. What is y(763)?
2
Let f(i) = -7*i**3 + 6*i**2 + 5*i + 4. Give f(-4).
528
Let m(c) = -256*c**2 - 4860*c - 484. Determine m(-19).
-560
Let n(f) = -4*f**3 - 20*f**2 - 44*f - 193. What is n(-6)?
215
Let q(c) = -829*c - 408184. What is q(-492)?
-316
Let r(q) = q**2 + 4*q - 3103. Calculate r(57).
374
Let u(w) = w**3 - 64*w**2 - 413*w + 30996. Calculate u(63).
1008
Let a(d) = 3*d**3 + 344*d**2 + 4905*d + 499. Calculate a(-98).
9
Let d(c) = -5665*c - 442609. Determine d(-78).
-739
Let f(n) = 452*n + 27556. Calculate f(-61).
-16
Let l(j) = -60449*j + 604484. Calculate l(10).
-6
Let t(z) = 862*z - 35352. What is t(41)?
-10
Let l(q) = -q**3 - 26*q**2 - 804*q + 3. Give l(0).
3
Let x(o) = 52379*o + 210212. What is x(-4)?
696
Let v(b) = -4*b**2 - 151*b - 1250. Give v(-10).
-140
Let i(o) = -3010*o + 168757. Determine i(56).
197
Let y(x) = -